{"id":1408,"date":"2022-04-12T10:32:17","date_gmt":"2022-04-12T10:32:17","guid":{"rendered":"http:\/\/www.tepekaya.av.tr\/?page_id=1408"},"modified":"2025-05-21T11:22:02","modified_gmt":"2025-05-21T11:22:02","slug":"hakkimizda","status":"publish","type":"page","link":"https:\/\/www.tepekaya.av.tr\/?page_id=1408","title":{"rendered":"Hakk\u0131m\u0131zda"},"content":{"rendered":"\n<p>Tepekaya Hukuk B\u00fcrosu ailesi olarak, aile hukuku ve ferileri ile ilgili alanlarda uzmanla\u015fm\u0131\u015f bir hukuk b\u00fcrosuyuz. 6 y\u0131ll\u0131k mesleki deneyimizle, hukukun dinamik d\u00fcnyas\u0131nda sa\u011flam bir yer edinmi\u015f durumday\u0131z.<\/p>\n\n\n\n<p>Hukuk kariyerimize ba\u015flad\u0131\u011f\u0131m\u0131z g\u00fcnden bu yana, aile hukuku, nafaka, velayet davalar\u0131, e\u015fler aras\u0131ndaki ceza davalar\u0131 ve icra takipleri konular\u0131nda derinlemesine bilgi ve deneyim kazanarak, m\u00fcvekkillerimize en iyi hizmeti sunmay\u0131 hedefledik. Bo\u015fanma, velayet, nafaka, soyba\u011f\u0131n\u0131n reddi, isim ve ya\u015f d\u00fczeltme davalar\u0131 gibi konular \u00fczerinde yo\u011funla\u015farak, her bir davan\u0131n kendine \u00f6zg\u00fc dinamiklerini anlamaya \u00f6zen g\u00f6steriyoruz. Amac\u0131m\u0131z, m\u00fcvekkillerimizin haklar\u0131n\u0131 korumak ve onlara en uygun \u00e7\u00f6z\u00fcmleri sunmakt\u0131r.<\/p>\n\n\n\n<p>Dinamik bir hukuk b\u00fcrosu olarak, her bireyin ihtiya\u00e7lar\u0131na \u00f6zel yakla\u015f\u0131m sergiliyoruz. M\u00fcvekkillerimizle kurdu\u011fumuz g\u00fc\u00e7l\u00fc ileti\u015fim konusunda iddiam\u0131z sayesinde, onlar\u0131n endi\u015felerini anl\u0131yor ve bu do\u011frultuda en etkili stratejileri geli\u015ftiriyoruz. Aile hukuku alan\u0131ndaki tutkumuz, m\u00fcvekkillerimizin hayatlar\u0131n\u0131 olumlu y\u00f6nde etkilemek ve onlara g\u00fcven vermek \u00fczerine kuruludur.<\/p>\n\n\n\n<p>Ald\u0131\u011f\u0131m\u0131z ve s\u00fcrekli almaya devam etti\u011fimiz e\u011fitim ve profesyonel deneyimizle, sizlere g\u00fcvenilir, \u015feffaf ve etkili bir hukuk hizmeti sunmaktay\u0131z. Hedefimiz, m\u00fcvekkillerimizin hukuk alan\u0131ndaki sorunlar\u0131n\u0131 en k\u0131sa s\u00fcrede ve en etkili \u015fekilde \u00e7\u00f6zmektir. Bizimle ileti\u015fime ge\u00e7mekten \u00e7ekinmeyin.<\/p>\n","protected":false},"excerpt":{"rendered":"<p>Tepekaya Hukuk B\u00fcrosu ailesi olarak, aile hukuku ve ferileri ile ilgili alanlarda uzmanla\u015fm\u0131\u015f bir hukuk b\u00fcrosuyuz. 6 y\u0131ll\u0131k mesleki deneyimizle,&#8230;<\/p>\n","protected":false},"author":1,"featured_media":0,"parent":0,"menu_order":0,"comment_status":"closed","ping_status":"closed","template":"","meta":{"footnotes":""},"class_list":["post-1408","page","type-page","status-publish"],"_links":{"self":[{"href":"https:\/\/www.tepekaya.av.tr\/index.php?rest_route=\/wp\/v2\/pages\/1408","targetHints":{"allow":["GET"]}}],"collection":[{"href":"https:\/\/www.tepekaya.av.tr\/index.php?rest_route=\/wp\/v2\/pages"}],"about":[{"href":"https:\/\/www.tepekaya.av.tr\/index.php?rest_route=\/wp\/v2\/types\/page"}],"author":[{"embeddable":true,"href":"https:\/\/www.tepekaya.av.tr\/index.php?rest_route=\/wp\/v2\/users\/1"}],"replies":[{"embeddable":true,"href":"https:\/\/www.tepekaya.av.tr\/index.php?rest_route=%2Fwp%2Fv2%2Fcomments&post=1408"}],"version-history":[{"count":2,"href":"https:\/\/www.tepekaya.av.tr\/index.php?rest_route=\/wp\/v2\/pages\/1408\/revisions"}],"predecessor-version":[{"id":3143,"href":"https:\/\/www.tepekaya.av.tr\/index.php?rest_route=\/wp\/v2\/pages\/1408\/revisions\/3143"}],"wp:attachment":[{"href":"https:\/\/www.tepekaya.av.tr\/index.php?rest_route=%2Fwp%2Fv2%2Fmedia&parent=1408"}],"curies":[{"name":"wp","href":"https:\/\/api.w.org\/{rel}","templated":true}]}}